{"id":343,"date":"2020-02-20T16:12:45","date_gmt":"2020-02-20T16:12:45","guid":{"rendered":"http:\/\/raimund-reiter.de\/?page_id=343"},"modified":"2025-08-12T09:09:47","modified_gmt":"2025-08-12T09:09:47","slug":"ausstellungen","status":"publish","type":"page","link":"https:\/\/raimund-reiter.de\/?page_id=343","title":{"rendered":"Ausstellungen"},"content":{"rendered":"\n<div class=\"wp-block-group\"><div class=\"wp-block-group__inner-container is-layout-flow wp-block-group-is-layout-flow\">\n<h2 class=\"wp-block-heading\"><strong>Einzelausstellungen<\/strong><\/h2>\n\n\n\n<ul class=\"wp-block-list\">\n<li>Museen der Stadt Landshut, Hl. Geistkirche, Reiter\/Thumbach, 2025<\/li>\n\n\n\n<li>Reiffenstuel-Haus Pfarrkirchen, Reiter\/Reiter, 2024<\/li>\n\n\n\n<li>Verein f\u00fcr Originalradierung M\u00fcnchen, Raimund Reiter Radierungen, 2024<\/li>\n\n\n\n<li>Unter B\u00e4umen, Reiter\/Thumbach, Kunst\u2013 und Gewerbeverein Regensburg, 2023<\/li>\n\n\n\n<li>Kunstverein Passau, St. Anna-Kapelle, Reiter\/Jaursch, 2020<\/li>\n\n\n\n<li>Gro\u00dfe Rathausgalerie Landshut, 2020<\/li>\n\n\n\n<li>Galerie Liebenweinturm, Burghausen, Reiter\/Reiter, 2019<\/li>\n\n\n\n<li>St\u00e4dtische Galerie Cordonhaus, Cham, Maschek\/Reiter, 2019 <\/li>\n\n\n\n<li>Galerie Markt Bruckm\u00fchl, Raimund Reiter\/Walter Weer, 2018<\/li>\n\n\n\n<li>Stadtmuseum Deggendorf, 2015 (K)<\/li>\n\n\n\n<li>Gro\u00dfe Rathausgalerie Landshut, 2015 (K)<\/li>\n\n\n\n<li>Alter Schlachthof Straubing, Raimund Reiter Radierungen, 2012<\/li>\n\n\n\n<li>Kunstverein Passau, St. Anna Kapelle, Reiter, Bachinger, 2010<\/li>\n\n\n\n<li>Gro\u00dfe Rathausgalerie Landshut, 2010 (K)<\/li>\n\n\n\n<li>Verein f\u00fcr Originalradierung, M\u00fcnchen, 2009<\/li>\n\n\n\n<li>Galerie Wolfstein, Freyung, 2008<\/li>\n\n\n\n<li>Kulturwerkstatt Haus 10, F\u00fcrstenfeldbruck, Reiter, Seiboth, 2008<\/li>\n\n\n\n<li>Kunstverein Landshut, 2006<\/li>\n\n\n\n<li>Neue Galerie Landshut, 2002<\/li>\n\n\n\n<li>Kubinhaus Zwickledt (Kunstverein Passau, Ober\u00f6sterreichische Landesmuseen), 2002 <\/li>\n\n\n\n<li>St\u00e4dtische Galerie Griesbach, 1992<\/li>\n\n\n\n<li>Stadthaus Hersbruck, 1992<\/li>\n<\/ul>\n<\/div><\/div>\n\n\n\n<div class=\"wp-block-group\"><div class=\"wp-block-group__inner-container is-layout-flow wp-block-group-is-layout-flow\">\n<h2 class=\"wp-block-heading\"><strong>Gruppenausstellungen (Auswahl)<\/strong><\/h2>\n\n\n\n<ul class=\"wp-block-list\">\n<li>Galerie Berchtoldsvilla Salzburg, M\u00fcnchener Secession, 2025<\/li>\n\n\n\n<li>Druckkunst 2022, St\u00e4dtische Galerie Harderbastei Ingolstadt (BBK Oberbayern Nord) (K)<\/li>\n\n\n\n<li>Alienpolka, KVD Dachau, Schlossausstellung, 33 Positionen zeitgen\u00f6ssischer Druckgrafik, 2021 (K)<\/li>\n\n\n\n<li>Strich Code, Druckkunst, Lyonel-Feininger-Galerie, Quedlinburg, 2020<\/li>\n\n\n\n<li>&#8222;druckfrisch 2018&#8220;, Verein f\u00fcr Originalradierung M\u00fcnchen und Neue Galerie Landshut<\/li>\n\n\n\n<li>&#8222;Seit Cranach bis Charlie Hebo&#8220;, Kunstverein Coburg, 2017<\/li>\n\n\n\n<li>&#8222;Dream &amp; Fears&#8220;, Kunstbezirk Stuttgart, 2017<\/li>\n\n\n\n<li>Hoch und Tief \u2013 B\u00f6hmen und Bayern, (Vicar, Kovarik, Reiter, Kirchmair), Radierverein M\u00fcnchen, 2016<\/li>\n\n\n\n<li>M\u00fcnchener Secession \u2013 Tradition &amp; Gegenwart, St\u00e4dt. Galerie Cordonhaus Cham, 2015\/16<\/li>\n\n\n\n<li>Galerie LAProjects, Landshut, Paarungen, 2014<\/li>\n\n\n\n<li>7th International Printmaking Biennial, Douro (Portugal), 2014<\/li>\n\n\n\n<li>Bothnia Biennale, Vaasa\/ Sein\u00e4joki\/ Nykarleby (Finnland), 2014<\/li>\n\n\n\n<li>17th International Print Biennial, Varna (Bul), 2013<\/li>\n\n\n\n<li>Ereignis Druckgrafik 2,5,6,7 Leipziger Buchmesse, 2013, 2014, 2015<\/li>\n\n\n\n<li>Leipziger Grafikb\u00f6rse, Museum f\u00fcr Druckkunst, Leipzig, 2012<\/li>\n\n\n\n<li>Reiffenstuel-Haus, Pfarrkirchen (Liese, Reinhart, Reiter), 2012<\/li>\n\n\n\n<li>Guanlan International Print Biennnial, Shenzhen, China, 2011<\/li>\n\n\n\n<li>Kunstverein Rosenheim, Jahresausstellung, 2007, 2009, 2010, 2011, 2012, 2014, 2015, 2016, 2017, 2018, 2019 (K)<\/li>\n\n\n\n<li>Ereignis Druckgrafik, Leipziger Buchmesse, 2010<\/li>\n\n\n\n<li>Kunstverein Ebersberg, Jahresausstellung, 2003, 04, 05, 06, 10 (K)<\/li>\n\n\n\n<li>Gro\u00dfe M\u00fcnchner Kunstausstellung, Haus der Kunst M\u00fcnchen, 2009 (K)<\/li>\n\n\n\n<li>Papier global, Stadtmuseum Deggendorf, 2009 (K)<\/li>\n\n\n\n<li>Neuer Kunstsalon, Haus der Kunst M\u00fcnchen, 2007 (K)<\/li>\n\n\n\n<li>Oberpf\u00e4lzer K\u00fcnstlerhaus Schwandorf, Druckgrafik, 2007<\/li>\n\n\n\n<li>Cordonhaus Cham, Baumgartner, Buchzik, Reiter, 2007<\/li>\n\n\n\n<li>5th Lessedra World Art Print Annual, Sofia, Bulgarien, 2006 (K)<\/li>\n\n\n\n<li>Kunstverein Aichach, 13. Kunstpreis, 2006, 2011<\/li>\n\n\n\n<li>Kunstverein Landshut, 2006&nbsp; (K)<\/li>\n\n\n\n<li>International Engraving Biennal, Ourense, Spanien, 2004&nbsp; (K)<\/li>\n\n\n\n<li>AK 68 Wasserburg, Gro\u00dfe Kunstausstellung, 2003, 04, 05, 06, 07, 13 (K)<\/li>\n\n\n\n<li>10. &#8211; 13.&nbsp; Internationale Grafik-Triennale, Frechen, 1993, 96, 99, 2002&nbsp; (K)<\/li>\n\n\n\n<li>\u201eBayerische Kunst unserer Tage\u201d, Slowakische Nationalgalerie Bratislava, 1998<\/li>\n\n\n\n<li>James Joyce Foundation, Z\u00fcrich, 1998<\/li>\n\n\n\n<li>Internationale Grafik-Triennale, Sofia, Bul., 1998&nbsp; (K)<\/li>\n\n\n\n<li>\u201eKonzept Druckgrafik\u201c des BBK Ndb.\/Opf., Regensburg Neumarkt Opf., 1990 (K)<\/li>\n\n\n\n<li>Seit 1988 Beteiligung an der Gro\u00dfen Ostbayerischen Kunstausstellung Regensburg, Landshut, Deggendorf, Eggenfelden (K)<\/li>\n\n\n\n<li>Seit 1985 Beteiligung an der Jahresschau des Kunst- und Gewerbevereins Regensburg (K)<\/li>\n<\/ul>\n\n\n\n<p>(K)&nbsp; Katalog<\/p>\n<\/div><\/div>\n\n\n\n<p><\/p>\n","protected":false},"excerpt":{"rendered":"<p>Einzelausstellungen Gruppenausstellungen (Auswahl) (K)&nbsp; Katalog<\/p>\n","protected":false},"author":1,"featured_media":0,"parent":206,"menu_order":2,"comment_status":"closed","ping_status":"closed","template":"","meta":{"footnotes":""},"class_list":["post-343","page","type-page","status-publish","hentry"],"_links":{"self":[{"href":"https:\/\/raimund-reiter.de\/index.php?rest_route=\/wp\/v2\/pages\/343","targetHints":{"allow":["GET"]}}],"collection":[{"href":"https:\/\/raimund-reiter.de\/index.php?rest_route=\/wp\/v2\/pages"}],"about":[{"href":"https:\/\/raimund-reiter.de\/index.php?rest_route=\/wp\/v2\/types\/page"}],"author":[{"embeddable":true,"href":"https:\/\/raimund-reiter.de\/index.php?rest_route=\/wp\/v2\/users\/1"}],"replies":[{"embeddable":true,"href":"https:\/\/raimund-reiter.de\/index.php?rest_route=%2Fwp%2Fv2%2Fcomments&post=343"}],"version-history":[{"count":31,"href":"https:\/\/raimund-reiter.de\/index.php?rest_route=\/wp\/v2\/pages\/343\/revisions"}],"predecessor-version":[{"id":691,"href":"https:\/\/raimund-reiter.de\/index.php?rest_route=\/wp\/v2\/pages\/343\/revisions\/691"}],"up":[{"embeddable":true,"href":"https:\/\/raimund-reiter.de\/index.php?rest_route=\/wp\/v2\/pages\/206"}],"wp:attachment":[{"href":"https:\/\/raimund-reiter.de\/index.php?rest_route=%2Fwp%2Fv2%2Fmedia&parent=343"}],"curies":[{"name":"wp","href":"https:\/\/api.w.org\/{rel}","templated":true}]}}

<div class="wp-block-group"><div class="wp-block-group__inner-container is-layout-flow wp-block-group-is-layout-flow">
<h2 class="wp-block-heading"><strong>Einzelausstellungen</strong></h2>



<ul class="wp-block-list">
<li>Museen der Stadt Landshut, Hl. Geistkirche, Reiter/Thumbach, 2025</li>



<li>Reiffenstuel-Haus Pfarrkirchen, Reiter/Reiter, 2024</li>



<li>Verein für Originalradierung München, Raimund Reiter Radierungen, 2024</li>



<li>Unter Bäumen, Reiter/Thumbach, Kunst– und Gewerbeverein Regensburg, 2023</li>



<li>Kunstverein Passau, St. Anna-Kapelle, Reiter/Jaursch, 2020</li>



<li>Große Rathausgalerie Landshut, 2020</li>



<li>Galerie Liebenweinturm, Burghausen, Reiter/Reiter, 2019</li>



<li>Städtische Galerie Cordonhaus, Cham, Maschek/Reiter, 2019 </li>



<li>Galerie Markt Bruckmühl, Raimund Reiter/Walter Weer, 2018</li>



<li>Stadtmuseum Deggendorf, 2015 (K)</li>



<li>Große Rathausgalerie Landshut, 2015 (K)</li>



<li>Alter Schlachthof Straubing, Raimund Reiter Radierungen, 2012</li>



<li>Kunstverein Passau, St. Anna Kapelle, Reiter, Bachinger, 2010</li>



<li>Große Rathausgalerie Landshut, 2010 (K)</li>



<li>Verein für Originalradierung, München, 2009</li>



<li>Galerie Wolfstein, Freyung, 2008</li>



<li>Kulturwerkstatt Haus 10, Fürstenfeldbruck, Reiter, Seiboth, 2008</li>



<li>Kunstverein Landshut, 2006</li>



<li>Neue Galerie Landshut, 2002</li>



<li>Kubinhaus Zwickledt (Kunstverein Passau, Oberösterreichische Landesmuseen), 2002 </li>



<li>Städtische Galerie Griesbach, 1992</li>



<li>Stadthaus Hersbruck, 1992</li>
</ul>
</div></div>



<div class="wp-block-group"><div class="wp-block-group__inner-container is-layout-flow wp-block-group-is-layout-flow">
<h2 class="wp-block-heading"><strong>Gruppenausstellungen (Auswahl)</strong></h2>



<ul class="wp-block-list">
<li>Galerie Berchtoldsvilla Salzburg, Münchener Secession, 2025</li>



<li>Druckkunst 2022, Städtische Galerie Harderbastei Ingolstadt (BBK Oberbayern Nord) (K)</li>



<li>Alienpolka, KVD Dachau, Schlossausstellung, 33 Positionen zeitgenössischer Druckgrafik, 2021 (K)</li>



<li>Strich Code, Druckkunst, Lyonel-Feininger-Galerie, Quedlinburg, 2020</li>



<li>&#8222;druckfrisch 2018&#8220;, Verein für Originalradierung München und Neue Galerie Landshut</li>



<li>&#8222;Seit Cranach bis Charlie Hebo&#8220;, Kunstverein Coburg, 2017</li>



<li>&#8222;Dream &amp; Fears&#8220;, Kunstbezirk Stuttgart, 2017</li>



<li>Hoch und Tief – Böhmen und Bayern, (Vicar, Kovarik, Reiter, Kirchmair), Radierverein München, 2016</li>



<li>Münchener Secession – Tradition &amp; Gegenwart, Städt. Galerie Cordonhaus Cham, 2015/16</li>



<li>Galerie LAProjects, Landshut, Paarungen, 2014</li>



<li>7th International Printmaking Biennial, Douro (Portugal), 2014</li>



<li>Bothnia Biennale, Vaasa/ Seinäjoki/ Nykarleby (Finnland), 2014</li>



<li>17th International Print Biennial, Varna (Bul), 2013</li>



<li>Ereignis Druckgrafik 2,5,6,7 Leipziger Buchmesse, 2013, 2014, 2015</li>



<li>Leipziger Grafikbörse, Museum für Druckkunst, Leipzig, 2012</li>



<li>Reiffenstuel-Haus, Pfarrkirchen (Liese, Reinhart, Reiter), 2012</li>



<li>Guanlan International Print Biennnial, Shenzhen, China, 2011</li>



<li>Kunstverein Rosenheim, Jahresausstellung, 2007, 2009, 2010, 2011, 2012, 2014, 2015, 2016, 2017, 2018, 2019 (K)</li>



<li>Ereignis Druckgrafik, Leipziger Buchmesse, 2010</li>



<li>Kunstverein Ebersberg, Jahresausstellung, 2003, 04, 05, 06, 10 (K)</li>



<li>Große Münchner Kunstausstellung, Haus der Kunst München, 2009 (K)</li>



<li>Papier global, Stadtmuseum Deggendorf, 2009 (K)</li>



<li>Neuer Kunstsalon, Haus der Kunst München, 2007 (K)</li>



<li>Oberpfälzer Künstlerhaus Schwandorf, Druckgrafik, 2007</li>



<li>Cordonhaus Cham, Baumgartner, Buchzik, Reiter, 2007</li>



<li>5th Lessedra World Art Print Annual, Sofia, Bulgarien, 2006 (K)</li>



<li>Kunstverein Aichach, 13. Kunstpreis, 2006, 2011</li>



<li>Kunstverein Landshut, 2006&nbsp; (K)</li>



<li>International Engraving Biennal, Ourense, Spanien, 2004&nbsp; (K)</li>



<li>AK 68 Wasserburg, Große Kunstausstellung, 2003, 04, 05, 06, 07, 13 (K)</li>



<li>10. &#8211; 13.&nbsp; Internationale Grafik-Triennale, Frechen, 1993, 96, 99, 2002&nbsp; (K)</li>



<li>„Bayerische Kunst unserer Tage”, Slowakische Nationalgalerie Bratislava, 1998</li>



<li>James Joyce Foundation, Zürich, 1998</li>



<li>Internationale Grafik-Triennale, Sofia, Bul., 1998&nbsp; (K)</li>



<li>„Konzept Druckgrafik“ des BBK Ndb./Opf., Regensburg Neumarkt Opf., 1990 (K)</li>



<li>Seit 1988 Beteiligung an der Großen Ostbayerischen Kunstausstellung Regensburg, Landshut, Deggendorf, Eggenfelden (K)</li>



<li>Seit 1985 Beteiligung an der Jahresschau des Kunst- und Gewerbevereins Regensburg (K)</li>
</ul>



<p>(K)&nbsp; Katalog</p>
</div></div>



<p></p>
